ose -s = 3*s + 16. Determine r(s).
-3
Let c = -10 - -5. Let d(n) = -3*n**3 - n**2 + 2*n + 3. Let k(p) = -4*p**3 - 2*p**2 + 3*p + 4. Let b(f) = c*k(f) + 7*d(f). Determine b(2).
3
Suppose 4 + 0 = 2*z. Let o(m) be the second derivative of m**4/3 - 2*m**3/3 + 3*m**2/2 + 51*m. Calculate o(z).
11
Suppose -u - 4*c = -24, 3 = 5*c - 2. Suppose 0*r - 4*y = -r + 10, -5*y - u = -5*r. Let n(m) = -r*m - 3 - 1 + 1. Give n(3).
-9
Let r(i) = i**2 + i. Let c be (-2)/(-4)*(0 + -4). Let o be c/3*18/12. Determine r(o).
0
Let y(g) = 4*g**2 - 5*g**2 + 2*g + 6*g - 2*g - 3. Suppose -3*n = -0*n - 18. Suppose -2*l + 8 = 3*d, n*d - 2*d + 3*l = 10. Give y(d).
5
Suppose 2*t + 36 = -4*t. Let s(i) = -i - 2. What is s(t)?
4
Let a(r) = r**2 + 2*r - 5. Suppose 0*n + 3*n - 4*t - 54 = 0, -2*t - 62 = -4*n. Let o = -3 - -5. Suppose 0 = v - o*q, -n = -v + 4*v + q. Calculate a(v).
3
Suppose 2 = -n - 0. Let x(o) = 3*o**2 + o. What is x(n)?
10
Let l(m) = -m**2 + m + 1. Let z be (-30)/(-4)*4/6. Suppose 6*c = z*c + 2. Suppose 10 = -2*o + 2*w + 4, c*w - 12 = 5*o. Determine l(o).
-5
Let y(p) be the second derivative of -p**4 + p**3/3 - p**2/2 - 5*p + 2. Let s be (0 + 0)/(2/(-2)). Suppose g = 5*t - g - 5, -5*g = s. Calculate y(t).
-11
Let n(d) = -d**2 + d - 2. Let t = -5 + 5. Give n(t).
-2
Let f(x) = -x**2 - x**2 + 9*x + 3*x**2 + 7. Calculate f(-8).
-1
Suppose 6*a + 160 = 38*a. Let c(h) = h + 6 + h**3 + 0*h + 0*h**3 - 5*h**2. Determine c(a).
11
Let t(z) = -z**2 - 5*z - 1. Let w be t(-5). Let o(q) be the third derivative of -q**5/5 - q**4/24 - 5*q**2. Give o(w).
-11
Let z(s) = s - 1. Let w(q) = -q**3 - q - 1. Let h(c) = -5*c**3 - 4*c**2 - 10*c - 12. Let o(g) = -h(g) + 6*w(g). Let x be o(5). Let i = x - 5. Give z(i).
-5
Let m(i) = 6*i**2 - 10*i + 4. Let j(z) = 2*z**2 - 3*z + 1. Let k(c) = -7*j(c) + 2*m(c). Give k(3).
-14
Let d(p) = -1 - 5 + 3 - p + 0*p. Determine d(-7).
4
Let m(b) be the second derivative of 0 + 1/2*b**3 + 3/2*b**2 + 2*b + 1/24*b**4. Let k(z) be the first derivative of m(z). Determine k(-6).
-3
Let s(c) be the second derivative of 7*c**6/120 - c**5/30 + c**3/6 - c**2/2 + c. Let u(v) be the first derivative of s(v). Let x be 1/2*1*2. Determine u(x).
6
Let c(w) = -8*w**2 + w**3 - 3*w**2 + 10*w**2 - 1. Suppose 2*f + 11 = 1. Let i(y) = 6*y**3 - 2*y**2 - 4*y - 4. Let l(g) = f*c(g) + i(g). What is l(-4)?
1
Suppose 1 + 1 = -w. Let o(d) = -d**3 - 3*d**2 - 3*d - 2. Determine o(w).
0
Let f be (-1)/(14/5 + -3). Let x(i) = -3*i**2 + 6 - 4*i + 4*i**2 - 2*i. What is x(f)?
1
Let n(k) = 5*k**2 - 4*k - 8. Let q(w) = -4*w**2 + 4*w + 8. Let l(v) = -3*n(v) - 4*q(v). Let f be l(6). Let z(b) = -5 - 2*b - f*b + 5*b. Determine z(-5).
0
Let n(t) = 2*t**2 + t - 1. Let o be n(-2). Let y(i) = -3 + 3 - i + 4 - 5. Determine y(o).
-6
Let g(i) be the first derivative of i**4/4 + 2*i**3/3 - 3*i**2/2 - 4*i - 26. Let u(x) = -x**3 + 2*x**2 - x - 1. Let w be u(2). What is g(w)?
-4
Let n(j) = -j + 1. Let v(d) = 2*d - 7. Let t(q) = 3*n(q) + v(q). Let f be t(-10). Let c(p) = p**2 - 8*p + 4. Determine c(f).
-8
Let v(o) = -2 - 156*o + 157*o + 1. Give v(-7).
-8
Let c(o) = -o**3 + 8*o**2 - 7*o - 8. Suppose -3*a + 3*t = -15, 0 = -7*a + 3*a + 2*t + 24. Determine c(a).
-8
Let b(i) = 19*i - 1. Let q = -177 + 178. Give b(q).
18
Let n = 19 - 31. Let z be (9/n)/(2/16). Let t(p) = p**2 + 7*p. What is t(z)?
-6
Let c(w) = -7*w**2 + 9*w - 5. Let y = -5 + -1. Let q(m) = 13*m**2 - 17*m + 9. Let r(h) = y*q(h) - 11*c(h). What is r(3)?
1
Let f(s) = s**2 - 6*s - 8. Let n(p) = p**2 + 2*p - 2. Let g be n(-4). Give f(g).
-8
Let i(o) = o**3 + 4*o**2 + 4*o + 2. Let q be i(-2). Let y(k) = -6 - k + 0*k - k + q. Determine y(-5).
6
Let c(y) be the third derivative of -y**8/10080 + y**7/630 - y**6/180 - y**5/30 + 3*y**2. Let o(u) be the third derivative of c(u). Calculate o(5).
-14
Let x = 15 - 13. Let v(k) = x*k + 4 - 5*k - 5*k - k**2 + 4*k. Determine v(-5).
-1
Suppose -5 = -3*w + 4. Let n = -1 + w. Let l(s) = -5*s**2 + 7*s + 5. Let q(x) = -x**2 + x + 1. Let a(z) = l(z) - 6*q(z). Determine a(n).
5
Let q(d) = 3*d - 10*d + 5 + 6*d. What is q(0)?
5
Suppose 5 = 2*j - 7*j. Let g(h) = -8*h**2 + 5*h. Let f = 19 - -2. Let k(n) = 33*n**2 - 21*n. Let a(q) = f*g(q) + 5*k(q). Give a(j).
-3
Let o(p) be the third derivative of -1/24*p**4 + 0 - 1/3*p**3 + 0*p + 3*p**2. Calculate o(0).
-2
Let k = -25 + 28. Let h(j) = -3 + 2*j**3 + 5*j + 2*j**3 + 12*j**2 - k*j**3 - 6*j**2. What is h(-5)?
-3
Suppose 0*x - 2*s = 2*x, -2 = 5*x + 4*s. Let q = 2 - x. Suppose -b + 5*b + 12 = 3*z, q*z = -b + 16. Let k(y) = -y + 3. Calculate k(z).
-1
Suppose -117*z + 121*z = 4. Let i(p) = 3*p**2 - p + 1. Determine i(z).
3
Let k(u) = -u**2 - 6*u. Let h be k(-6). Suppose -3*x = -3*r - 6, h*x = 2*x - 5*r - 16. Let c = x - 1. Let a(p) = p**2 + 3*p - 1. What is a(c)?
-1
Suppose 3*t + r = 2, r - 4 = -t - 2. Let z = 14 - -1. Let p(b) = b**3 - z + 5 + b**2 - 4*b + 4*b. Calculate p(t).
-10
Let y(t) = 0*t**2 + 2*t**2 - t + 1 - t**2. Suppose -6 - 7 = -4*f + g, -5*g + 4 = 3*f. Give y(f).
7
Let u(h) = -h**2 + 5*h + 4. Let y be u(5). Let c = y + -7. Let a(w) be the first derivative of -w**3/3 - 3*w**2 - 2*w + 2. Give a(c).
7
Let s(m) = -m**3 + 5*m**2 + m + 1. Let r = -8 + 21. Let c = r - 8. What is s(c)?
6
Let w(c) = -c**2 - 4*c - 1. Let s be w(-3). Let b(y) = s + 0 - y - 3. Let d(r) = -2*r - 1. Let k(f) = 3*b(f) - d(f). Calculate k(-2).
0
Let n(i) = i**3 + 5*i**2 + 3*i + 6. Let o = 6 - 14. Suppose 2*p + 64 + 20 = 0. Let k be (-4)/(-16) - p/o. Determine n(k).
-9
Let c(j) be the second derivative of j**3/2 - j**2 - 17*j. Determine c(5).
13
Let l = -1/38 + 10/19. Let w(g) be the second derivative of 0*g**3 + 1/6*g**4 + 0 + l*g**2 + 3*g. What is w(1)?
3
Let y(w) = w**3 - 6*w**2 - w + 3. Let p = 29 - 23. What is y(p)?
-3
Let v(l) = -l - 10. Let t be v(-7). Let i = t + 19. Suppose 5 = -c - 3*r + i, 0 = -c + 5*r - 13. Let j(m) = m**3 - 2*m**2 + 2*m + 1. What is j(c)?
5
Let h = -10 - -5. Let b(k) = -4*k + 3. Let r(v) = 3*v - 3. Let s(u) = -5*b(u) - 6*r(u). Determine s(h).
-7
Let z(w) = 5*w - 2. Let y be (0 + -1)/((-1)/9). Let h(o) = -o**3 + 9*o**2 + o - 7. Let j be h(y). Calculate z(j).
8
Let o(m) = -m**3 - 6*m**2 - 2*m - 18. Let g be o(-6). Let u(n) = -n**2 - 4*n + 7. Determine u(g).
-5
Let q(p) = -2*p**2 - 2*p. Suppose -x = -3*x + 10. Suppose 0 = -2*r - x*l + 6, 2*l - 2 = -2*r - l. Give q(r).
-4
Let g(z) = -z + 1. Suppose 5*c - l + 11 = 0, -2*c + l = 4*l + 18. Let r(j) = j**2 - 11*j. Let o be r(11). Let p = c - o. Determine g(p).
4
Let i(h) = -2*h + 2. Let j(t) = 4*t**2 - 8*t - 7. Let l(m) = m**2. Let f(p) = j(p) - 5*l(p). Let r be f(-7). Let v be r - (-2)/(-2) - -6. Determine i(v).
-8
Suppose -9 + 12 = q. Let z(r) = r**3 - 3*r**2 - 2*r + 2. Give z(q).
-4
Let a be (-112)/(-18) + (-4)/18. Suppose -2*d - 4*h + 4 = 0, 0 = -3*d + 6*d + 5*h - 9. Let z(q) = -q - q**2 - q + d*q - 7. Give z(a).
-7
Suppose 5*k + 6 = 5*c - 9, 3*c - 5 = -k. Let d(w) = 2 + 3*w - c*w + 3 + 4. Let i = -7 + 3. Determine d(i).
5
Suppose 3*h - 2 = 2*h. Suppose -5*w + 3*q - 8 = -0*q, -1 = h*w + q. Let g(a) be the second derivative of 5*a**3/6 + a**2/2 - 2*a. Determine g(w).
-4
Let i(q) = q**2 + 2*q + 1. Let u(b) = -2*b**2 - 3*b - 1. Let z(h) = -6*i(h) - 4*u(h). Let v(m) = 1. Let p(n) = 2*v(n) + z(n). Determine p(1).
2
Let c(a) = a**3 - 7*a**2 + 6*a - 4. Suppose 24 = 15*p - 11*p. What is c(p)?
-4
Let o(m) = -4*m + 2 - 2 + 5 - 1. Determine o(3).
-8
Let x(j) = -j**2 - 2*j + 1. Suppose 0 = -i - 0 + 1. Let n be x(i). Let q(b) = -b**3 - b**2 + 2*b + 2. Give q(n).
2
Let j be 0/((3 + -1)/(-2)). Let d(v) = 5 + 12*v + 4 - 11*v. Give d(j).
9
Let o be (-6)/(-14) + 114/(-21). Let q(l) = -l**2 - 3*l + 1. Give q(o).
-9
Let f(x) = -x**2 + 4. Suppose 0 = -2*y + 4*y + 6. Let j be -1 + -4 + 2 - y. Determine f(j).
4
Let x(q) be the first derivative of q**2/2 + 7*q - 7. Calculate x(0).
7
Let y be 512/(-88) + (-4)/22. Let z(c) = c**3 + 7*c**2 + 7*c. What is z(y)?
-6
Let m(l) be the second derivative of -l**3/6 - 3*l. Let o be m(-3). Let p(v) = 5*v - 4. Give p(o).
11
Let o(y) be the third derivative of -y**8/20160 + y**7/720 + y**5/30 - 2*y**2. Let m(l) be the third derivative of o(l). Calculate m(6).
6
Suppose -2*m + 2*x + 12 = 4*x, -2*m - 8 = -3*x. Let k(v) = v**3 - 3*v**2 + 3*v - 1. Determine k(m).
1
Let k(r) = r**3 - 4*r**2 - 8*r - 10. Let t(j) = j**3 